)/((-1)/110). Let c(t) = -5*t - 5. Let o be c(-3). Is x/o - 6/4 a prime number?
False
Let z(n) = -60*n + 9 - 6 + 2. Let a be z(-7). Let c = a - -138. Is c a prime number?
True
Let h(l) = -1. Let n(k) = 563*k + 15. Let j(g) = 5*h(g) + n(g). Let q be j(6). Suppose q = -0*o + 5*o - z, 3*z - 2699 = -4*o. Is o a composite number?
False
Let r(d) = -d**3 - 14*d**2 + 23*d + 4. Let m be r(-13). Is (3 - m) + (-2)/2 a prime number?
False
Let l(f) = f**2 + 2*f. Let j be l(-3). Let c be -2 + (j + -1 - -132). Let i = c + -73. Is i prime?
True
Let v = 24 - 22. Suppose 3*p - v*n - 404 = 0, 3*p = -5*n + 2*n + 399. Is p prime?
False
Let s(p) = -p**3 - 12*p**2 + 9*p - 12. Suppose 2*a - 6 - 10 = 0. Let y be 5/((-100)/a)*35. Is s(y) prime?
False
Suppose -3*b - n + 34 = -6*n, 2*n = -4*b + 28. Let h(u) = 6*u**3 - 6*u**2 + 13*u - 12. Let v be h(b). Suppose -4*t + v - 568 = 0. Is t a composite number?
True
Suppose 23 = -2*g + g. Let t = 62 + g. Is t composite?
True
Let s = 66 - 71. Is 2*167 - (4 + s) prime?
False
Suppose 960 = -5*s + 6365. Is s a prime number?
False
Let y = 3 + -9. Is ((-6)/4)/(y/7204) a composite number?
False
Suppose 3*u - 15 = 0, 0*i + 4*u + 3786 = 2*i. Is i prime?
False
Suppose 5*d + 16 = 2*g, -3*d - d - 74 = -5*g. Suppose g*s - 2595 = 13*s. Is s composite?
True
Suppose 4*u - 41012 = -3*n - 7756, 2*u + 3*n - 16622 = 0. Is u composite?
False
Let n(v) = 301*v**3 + 5*v**2 + 2*v + 2. Is n(4) prime?
False
Let j(u) = -372*u - 2. Let v(y) = y**2 + 8*y - 11. Let k be v(-9). Let l be j(k). Suppose l = 4*f - 2*f. Is f prime?
False
Let x = 940 - 69. Let r = -576 + x. Is r prime?
False
Is (20107/3 + -11)*(3 - 0) a prime number?
False
Let w(k) = 7*k**3 + 3*k**2 - k + 1. Let g(j) = -15*j**3 - 5*j**2 + 2*j - 2. Let p(i) = 6*g(i) + 13*w(i). Let y be p(-10). Let o = y + 124. Is o a prime number?
False
Let y = 5 + -3. Let o(i) = -y - 22*i - 11 - 2. Is o(-12) prime?
False
Is 4848 - (0 + 2 - 9) prime?
False
Let s = 136 + 52. Let t = -158 - -89. Let m = t + s. Is m a prime number?
False
Let a(n) = 1320*n**3 - 1. Suppose -4*j + 1 = -5*v + 2, 2*j + 1 = 3*v. Is a(j) a prime number?
True
Suppose 22 = -4*u - 10. Let j(h) = -14*h**3 - 22*h**2 - 38*h - 43. Let c(w) = 9*w**3 + 15*w**2 + 25*w + 29. Let o(x) = -8*c(x) - 5*j(x). Is o(u) prime?
False
Suppose -2*b - i - i + 398 = 0, 3*b = 3*i + 621. Suppose 2*v + 1927 = -b. Is 2/8 + v/(-12) a composite number?
False
Let j(h) be the second derivative of 10*h**4/3 - 4*h**3/3 + h**2 - 14*h. Let f(z) = z**2 - z + 1. Let g(s) = -3*f(s) + j(s). Is g(-7) a composite number?
False
Suppose 5*j - 2*j = 78. Let b = j + -25. Is (-715)/22*(-2)/b a prime number?
False
Let r(c) = c**2 + 25*c + 48. Let s be r(-23). Suppose 3*v - 4531 = -s*q, -2*q = -2*v + v + 1497. Is v a prime number?
False
Let p(a) = -a**2 + 73*a + 161. Is p(24) prime?
False
Let a = 669 - 182. Is a a composite number?
False
Let y = 770 + -217. Is y prime?
False
Suppose -4*o - 3*l = -5*l + 598, 2*o + 4*l = -324. Let n = o - -915. Is n a prime number?
False
Let k(l) be the second derivative of -3*l**5/4 - 3*l**4/4 + l**3/3 - 3*l**2/2 + 21*l. Is k(-5) prime?
True
Suppose 2*n + 124 = -2*s, 5*n = 5*s - 0*s - 270. Is 842/4 + (-29)/n prime?
True
Suppose 23*q = -11*q + 105638. Is q composite?
True
Let p(c) = -c - 1. Let o be p(-3). Suppose 0 = o*n + 3*n - 815. Is n prime?
True
Let h(c) = 401*c + 94. Let n(i) = 201*i + 47. Let v(s) = -4*h(s) + 9*n(s). Is v(6) a composite number?
False
Let a(h) = 7*h**2 + 6*h + 4. Let v be 3 - (-4 - 4/(-2)). Suppose -20 = 5*t + v. Is a(t) a prime number?
True
Let r(m) = 20*m**3 - m**2 + 5*m + 1. Suppose -18 = -3*g - 3*g. Is r(g) composite?
False
Let b = -7 - 21. Let x = b + 231. Is x a composite number?
True
Let x(z) = 5*z**3 - z**2 - z + 1. Let q be x(1). Suppose -h + 4*h - 35 = -2*c, -4*c = 4*h - 48. Suppose k + 144 = q*g + 6*k, g - h = 5*k. Is g prime?
True
Is 6/5*12620/12 composite?
True
Suppose 11*c + 281 - 1084 = 0. Let u(p) = 19*p + 1. Let t be u(-1). Let g = c + t. Is g a prime number?
False
Let y(a) = -39*a - 270. Is y(-19) composite?
True
Let f(m) = 118*m - 39. Is f(11) a prime number?
True
Suppose -2*o + 4*o - 3*q - 18 = 0, 27 = 3*o + 5*q. Let d(r) = r**3 - 6*r**2 - 10*r - 2. Let v be d(o). Suppose 145 = 4*l - v. Is l a composite number?
True
Let d = -5 + 4. Let x(f) = 31*f**2 + 3*f + 3. Is x(d) a composite number?
False
Let l be (-1)/(-3) - 224/(-21). Suppose -l*f = -6*f - 925. Is f a composite number?
True
Suppose 0 = -3*h - 4*x + 8*x - 3542, -20 = 5*x. Let c = -689 - h. Is c composite?
True
Let d(b) be the second derivative of 5*b**4/4 + 2*b**3/3 + 2*b**2 + 2*b. Is d(-3) a prime number?
True
Suppose 0 = -3*c + 6. Suppose -253 = -3*d + a, -c*d - a + 90 = -72. Is d a composite number?
False
Let j(y) = -10*y**2 - 4*y**3 - 1 - 6*y - 7*y**2 - 3*y + 11*y**2. Is j(-6) prime?
True
Let f be (9/3)/(-2 + 5). Let a(t) = 1797*t - 4. Is a(f) prime?
False
Let a(z) = -15*z + 8. Let d be a(7). Let t be 5*d*(-2 - -1). Suppose -t = -c - 4*c. Is c prime?
True
Let f(y) = 164*y**3 + 25*y**2 + 3*y + 1. Is f(3) a composite number?
False
Let a(u) = 122*u**2 + 52*u + 1. Is a(6) a composite number?
True
Let b(p) = 2*p - 13. Let k be b(8). Suppose w + 1951 = k*d + d, -4*d = 3*w - 1939. Is d a composite number?
False
Suppose 0 = 2*z + 5*n - 5903, 11190 = 3*z - n + 2378. Is z a prime number?
True
Suppose -5*w = -3*c + 34134 + 11615, -2*c = -5*w - 30496. Is c a composite number?
True
Suppose -1173 = s + 5*o, 8*o - 4*o + 12 = 0. Let r = 674 + s. Is (r + 1)*2/(-6) a prime number?
False
Let x = 4595 - -1734. Is x prime?
True
Suppose w - 2*w - 12 = 0. Let r = 62 - w. Is r composite?
True
Is 12/8*3790/15 prime?
True
Let c(w) = 21242*w**3 - 6*w**2 + 7*w - 2. Is c(1) a prime number?
False
Suppose -4*q + 6*h + 824 = 3*h, -3*h = 3*q - 597. Is q prime?
False
Let z = -2 - -943. Is z prime?
True
Let y = -2775 - -6536. Is y a composite number?
False
Suppose y + 2*p = -9, 2*y + 3*y + 2*p + 37 = 0. Let u be (-1031)/1 - (7 + y). Let b = u - -1594. Is b a prime number?
True
Is 13710/14 - (-28)/(-98) composite?
True
Suppose -o + 86998 = -50629. Is o a composite number?
True
Let g(k) = 3*k**2 - 2*k - 6. Suppose n - 6*n = -80. Let t = 11 - n. Is g(t) prime?
True
Suppose -86*y + 103*y - 23477 = 0. Is y a composite number?
False
Let m(p) = p**2 + 7*p + 2. Suppose -x - 16 = 3*i, 4*i - 3*x - x = -48. Let a be m(i). Suppose j = 3*o - a*o - 139, -4*j + 16 = 0. Is o composite?
True
Let u(j) = 2*j**2 + 10*j + 8. Let i be u(-6). Is 4330/8 - 5/i prime?
True
Let n(s) = -7*s - 8. Let f be n(-4). Let o = -17 + f. Suppose -4*i - 2*k + 388 = -212, 0 = i - o*k - 143. Is i composite?
False
Let s = -12 - -18. Let f = 9 - s. Suppose -q = f*h - 5*h - 261, 4*h = -2*q + 482. Is q composite?
False
Suppose 5 = -3*i + 17. Let t(l) be the third derivative of 39*l**4/8 + l**3/6 - l**2. Is t(i) a composite number?
True
Let s(h) = 78*h**2 + 3*h + 3. Suppose 3*m = -4*l + 21, -4*m + 13 = 4*l - 11. Let p be s(l). Suppose 0 = 5*v + 3*d - 866 - p, 5*v = 5*d + 1620. Is v composite?
True
Is (-110)/(-440) + 357870/8 composite?
True
Let x be (5/10*10)/(-1). Is 6562/14 + x/105*-6 a prime number?
False
Let u = 28449 - -4390. Is u a composite number?
False
Let a be 2 + (-16011)/(-15) + 10/(-25). Suppose 25 = -12*s + a. Is s a composite number?
True
Suppose 4*p + 5*h - 8900 - 7468 = 0, -4*p + 16404 = -4*h. Is p a prime number?
False
Let z = -3267 + 10906. Is z composite?
False
Let k = 1594 + -912. Suppose -3*j + 1978 = k. Suppose -1103 = -5*s + j. Is s composite?
False
Suppose 3*o = 2*o + 1104. Let a = o + 397. Is a a composite number?
True
Let i = -6257 + 16210. Is i prime?
False
Suppose 0 = 143*x - 177*x + 1001606. Is x prime?
False
Suppose 5*c = -0*c + 5, -4*n = -3*c + 1599. Let w = 667 + n. Let b = w + 25. Is b a prime number?
True
Suppose t = -4*t - 10. Let s be (t - 9/(-3))*288. Suppose -4*c = -1132 + s. Is c composite?
False
Suppose -5*c + 4*c = 0. Suppose 3*b = 4*i - 1125, -3*i - 5*b + 880 = -c*i. Let s = i + -203. Is s a prime number?
False
Suppose -4*t - 36401 = -3*h, 10*h + 3*t = 15*h - 60661. Is h a prime number?
False
Let a(y) be the second derivative of 0 + 9*y - 1/6*y**4 - 2/3*y**3 - 3/2*y**2 + 1/5*y**5. Is a(5) a prime number?
False
Let h be (-40)/16 + (-15)/(-2). Suppose -5*y = h*k - 1050, -4*k = -3*y + y - 84